alculate the remainder when 129328 is divided by 119.
94
What is the remainder when 10921 is divided by 557?
338
Calculate the remainder when 78301 is divided by 4.
1
What is the remainder when 61873 is divided by 125?
123
Calculate the remainder when 8314 is divided by 189.
187
What is the remainder when 41470 is divided by 27?
25
What is the remainder when 2200 is divided by 65?
55
Calculate the remainder when 42298 is divided by 35.
18
Calculate the remainder when 610 is divided by 464.
146
Calculate the remainder when 109674 is divided by 36481.
231
Calculate the remainder when 2722 is divided by 809.
295
Calculate the remainder when 18143 is divided by 1647.
26
Calculate the remainder when 1120 is divided by 227.
212
Calculate the remainder when 91375 is divided by 128.
111
Calculate the remainder when 433388 is divided by 6879.
11
What is the remainder when 2062 is divided by 527?
481
Calculate the remainder when 1346508 is divided by 5829.
9
What is the remainder when 601271 is divided by 20042?
11
What is the remainder when 4648 is divided by 58?
8
What is the remainder when 13429 is divided by 770?
339
What is the remainder when 1015222 is divided by 14?
12
Calculate the remainder when 258557 is divided by 258544.
13
Calculate the remainder when 2551 is divided by 66.
43
Calculate the remainder when 8209 is divided by 634.
601
What is the remainder when 40317 is divided by 336?
333
What is the remainder when 1139 is divided by 843?
296
Calculate the remainder when 70381 is divided by 5027.
3
What is the remainder when 1535 is divided by 208?
79
What is the remainder when 31264 is divided by 162?
160
What is the remainder when 10619 is divided by 213?
182
What is the remainder when 1991504 is divided by 15?
14
Calculate the remainder when 11066 is divided by 45.
41
Calculate the remainder when 16452 is divided by 64.
4
Calculate the remainder when 97154 is divided by 298.
6
Calculate the remainder when 2514 is divided by 825.
39
Calculate the remainder when 4314 is divided by 70.
44
Calculate the remainder when 13169 is divided by 874.
59
What is the remainder when 46977 is divided by 60?
57
What is the remainder when 67161 is divided by 1291?
29
What is the remainder when 326422 is divided by 348?
346
Calculate the remainder when 8581 is divided by 1634.
411
Calculate the remainder when 13201 is divided by 1649.
9
What is the remainder when 8573 is divided by 8490?
83
Calculate the remainder when 595729 is divided by 85101.
22
What is the remainder when 89327 is divided by 805?
777
Calculate the remainder when 21723 is divided by 730.
553
Calculate the remainder when 116743 is divided by 18.
13
What is the remainder when 9672 is divided by 236?
232
What is the remainder when 788 is divided by 29?
5
Calculate the remainder when 155 is divided by 109.
46
What is the remainder when 5122 is divided by 5038?
84
Calculate the remainder when 27503 is divided by 12.
11
What is the remainder when 9917 is divided by 474?
437
Calculate the remainder when 58898 is divided by 133.
112
Calculate the remainder when 1666863 is divided by 787.
784
Calculate the remainder when 17530 is divided by 16.
10
Calculate the remainder when 19899 is divided by 36.
27
What is the remainder when 6945 is divided by 887?
736
Calculate the remainder when 11887 is divided by 1697.
8
Calculate the remainder when 9878 is divided by 1037.
545
Calculate the remainder when 74353 is divided by 94.
93
Calculate the remainder when 759050 is divided by 180.
170
Calculate the remainder when 54495 is divided by 31.
28
What is the remainder when 46764 is divided by 48?
12
Calculate the remainder when 13265 is divided by 332.
317
Calculate the remainder when 4390 is divided by 318.
256
What is the remainder when 320102 is divided by 7?
6
What is the remainder when 1559282 is divided by 1043?
1040
Calculate the remainder when 22571 is divided by 7432.
275
Calculate the remainder when 479098 is divided by 68440.
18
What is the remainder when 3691 is divided by 41?
1
What is the remainder when 15639 is divided by 158?
155
Calculate the remainder when 361798 is divided by 180.
178
Calculate the remainder when 3302 is divided by 155.
47
What is the remainder when 22744 is divided by 529?
526
Calculate the remainder when 305 is divided by 2.
1
What is the remainder when 20652 is divided by 66?
60
What is the remainder when 73919 is divided by 24638?
5
What is the remainder when 604291 is divided by 44?
39
Calculate the remainder when 17045 is divided by 289.
283
What is the remainder when 5346 is divided by 54?
0
What is the remainder when 103037 is divided by 838?
801
What is the remainder when 56013 is divided by 25?
13
Calculate the remainder when 4211 is divided by 1263.
422
Calculate the remainder when 18663 is divided by 352.
7
Calculate the remainder when 2921 is divided by 101.
93
What is the remainder when 203643 is divided by 426?
15
Calculate the remainder when 2876963 is divided by 879.
875
Calculate the remainder when 467229 is divided by 31.
28
Calculate the remainder when 211523 is divided by 35242.
71
What is the remainder when 1601 is divided by 182?
145
Calculate the remainder when 33107 is divided by 113.
111
Calculate the remainder when 46283 is divided by 2.
1
Calculate the remainder when 3290 is divided by 54.
50
What is the remainder when 46794 is divided by 245?
244
Calculate the remainder when 23178 is divided by 2575.
3
What is the remainder when 8340 is divided by 1186?
38
What is the remainder when 167812 is divided by 83906?
0
Calculate the remainder when 46851 is divided by 478.
7
What is the remainder when 404 is divided by 401?
3
What is the remainder when 46187 is divided by 4?
3
Calculate the remainder when 6635 is divided by 290.
255
Calculate the remainder when 102672 is divided by 20532.
12
What is the remainder when 324 is divided by 70?
44
Calculate the remainder when 926 is divided by 411.
104
Calculate the remainder when 25116 is divided by 405.
6
What is the remainder when 18874 is divided by 1074?
616
Calculate the remainder when 5128 is divided by 1682.
82
Calculate the remainder when 19968 is divided by 4990.
8
What is the remainder when 278306 is divided by 3127?
3
What is the remainder when 6115 is divided by 556?
555
Calculate the remainder when 2624 is divided by 606.
200
Calculate the remainder when 8605 is divided by 219.
64
Calculate the remainder when 797178 is divided by 64.
58
What is the remainder when 17737 is divided by 41?
25
Calculate the remainder when 15614 is divided by 221.
144
Calculate the remainder when 649 is divided by 36.
1
What is the remainder when 100028 is divided by 64?
60
What is the remainder when 33509 is divided by 385?
14
What is the remainder when 15780 is divided by 28?
16
What is the remainder when 13225 is divided by 294?
289
What is the remainder when 1022 is divided by 989?
33
Calculate the remainder when 124007 is divided by 3.
2
Calculate the remainder when 1416706 is divided by 348.
346
What is the remainder when 23212 is divided by 60?
52
Calculate the remainder when 277521 is divided by 237.
231
Calculate the remainder when 573993 is divided by 1907.
1893
What is the remainder when 11578 is divided by 85?
18
Calculate the remainder when 8006 is divided by 1320.
86
Calculate the remainder when 1863 is divided by 98.
1
Calculate the remainder when 690354 is divided by 641.
638
What is the remainder when 67 is divided by 7?
4
What is the remainder when 895891 is divided by 385?
381
Calculate the remainder when 279546 is divided by 672.
666
Calculate the remainder when 599049 is divided by 41.
39
What is the remainder when 6022 is divided by 1204?
2
What is the remainder when 31183 is divided by 1259?
967
What is the remainder when 7244 is divided by 1445?
19
Calculate the remainder when 13126 is divided by 184.
62
What is the remainder when 411514 is divided by 213?
211
Calculate the remainder when 249484 is divided by 496.
492
Calculate the remainder when 59917 is divided by 10.
7
What is the remainder when 1822 is divided by 24?
22
Calculate the remainder when 5920 is divided by 1826.
442
What is the remainder when 1204 is divided by 372?
88
What is the remainder when 109844 is divided by 646